3. Let h be 4/(-10) - 72/20. Let p be x(h). What is the remainder when 46 is divided by (20 - -4)/(0 - p)?
22
Let h(p) = p - 4. Suppose -4*x - 20 = -5*s, -s - 2*x - 17 = -7*x. What is the remainder when 10 is divided by h(s)?
2
Let l be (-1 - 2) + 0 + 9. Calculate the remainder when 26 is divided by l*2*3/4.
8
Calculate the remainder when (-8)/(-6)*117/6 is divided by 9.
8
What is the remainder when 39 is divided by (2 - -13)*(-1 - 9/(-5))?
3
Calculate the remainder when (((-10)/(-6))/5)/(1/177) is divided by 10.
9
Let v be (-26)/(-6) + 1/(-3). Suppose v*m = 2*m + 4. Suppose 6 = 6*p - 3*p. What is the remainder when m is divided by p?
0
Suppose 0*u = u + 126. Let t = -88 - u. Let r(g) = 6*g - 2. Calculate the remainder when t is divided by r(2).
8
Let a = -7 - 4. Let t = 2 - a. Let h(k) = 36*k**2 + 1. Calculate the remainder when h(1) is divided by t.
11
Suppose 3*w + 4 = 13, -3*u + 273 = -2*w. Suppose 2*t - u = 5*d, 0 = -t + 3*d - 0*d + 48. What is the remainder when t is divided by 10?
9
Let z(w) = 8*w**2 - 3*w - 5. What is the remainder when z(-2) is divided by 18/8*16/3?
9
Suppose -3*k = -3*x + 36, -5*x = -0*k + k - 84. Let l = 28 - x. Suppose -2*i = -5*b - 70, -i + 5*b = -19 - 6. Calculate the remainder when i is divided by l.
9
Let h = -5 + 12. Let t = 8 + h. What is the remainder when 27 is divided by t?
12
Suppose 15 = n - 2. Suppose -o + 1 = 0, 6*d - 2*o = 2*d + 18. Calculate the remainder when n is divided by d.
2
Suppose 3*k - 3*u + 2*u = 12, 5*k = -4*u + 20. Calculate the remainder when 8 is divided by k.
0
Let l(a) = 2*a**2 - 4*a - 1. What is the remainder when 22 is divided by l(3)?
2
Suppose 3*b - 3*m = -b + 10, -7 = -5*b + m. What is the remainder when (-436)/(-16) - b/4 is divided by 15?
12
Let s be (-9)/21 + (-53)/7. What is the remainder when 41 is divided by (-340)/(-16) + 2/s?
20
Suppose 2*y - 4*w = 8 + 4, -2*w - 6 = -2*y. Suppose -5*h - 10 = -l - 34, 3*l - 3 = y. Calculate the remainder when h is divided by 3.
2
Suppose -3*t + 5*t = 52. Suppose 5*s = 2*q - t, -3*s + 3 = q + 12. Calculate the remainder when 5 is divided by q.
2
Let y be 120/55 - 4/22. Suppose -5*i = -y - 18. Suppose 0 = i*z + 11 - 63. What is the remainder when 37 is divided by z?
11
Let x = 17 - 12. Suppose 4*i - 36 = -2*f, 3*i = -0*i - 2*f + 28. What is the remainder when i is divided by x?
3
Suppose 0*c + 10 = 2*c. Suppose 2*v - 7 = c. Calculate the remainder when 17 is divided by v.
5
Suppose q + 4*j + 5 = 0, q + 64 = 5*q - 5*j. What is the remainder when 43 is divided by q?
10
Let b = 5 + -2. Suppose -8 = -f - b. Suppose 2*u = -d + 15, u - 6 = -2*d - 3. What is the remainder when u is divided by f?
4
Suppose -3*v + 4*s = -33, 5*v + 3*s = -2*s + 90. What is the remainder when v is divided by 4?
3
Let f(l) be the second derivative of 2*l**3/3 + 7*l**2/2 - l. What is the remainder when f(5) is divided by 14?
13
Let m(r) = r + 56. Let g be m(0). Suppose 5*u - u - g = 0. What is the remainder when u is divided by 5?
4
What is the remainder when 59/(-2)*(-7 - -5) is divided by 15?
14
Suppose 25 = 2*n - 5. What is the remainder when n is divided by 9?
6
Suppose -2*h + 422 = 2*h - 2*v, -3*h - v = -314. Suppose -m + 4*m = h. Calculate the remainder when m is divided by 9.
8
Suppose 17*p + 60 = 21*p. Calculate the remainder when 41 is divided by p.
11
Suppose -c - 11 = 2*c + 5*w, 5*c = -5*w - 5. Suppose -17 + 119 = c*d. What is the remainder when d is divided by 19?
15
Let m(a) = 14*a. What is the remainder when 55 is divided by m(1)?
13
Suppose 51 = 4*i - b, -4*i + 42 - 1 = -3*b. Let w = i + 0. Calculate the remainder when 4/(-10) - (-404)/10 is divided by w.
12
Let x = -2 - -3. Let i be 2/((-2)/(-20)*4). Let v(w) = -w**2 + 5*w + 1. Calculate the remainder when x is divided by v(i).
0
Let m be (-2)/(-2 + 708/357). Calculate the remainder when 38 is divided by 6/36 - m/(-6).
18
Suppose -546 - 189 = -7*c. Calculate the remainder when c is divided by 27.
24
Let c(q) = -16*q + 27. What is the remainder when c(-5) is divided by 11?
8
Suppose -7 = -3*m + 5*k, -m + 6*m - 49 = -k. Suppose -m = -y + 7. Calculate the remainder when y is divided by 6.
4
Let c(p) = -p**2 - p - 15. Let h(y) = y**2 + y + 16. Let s = 5 + -2. Let d(r) = s*c(r) + 4*h(r). What is the remainder when d(0) is divided by 7?
5
Let z = -31 + 51. What is the remainder when z is divided by 11?
9
Let t = -78 + 194. What is the remainder when t is divided by 13?
12
Let l = 18 - 8. Let t = 62 - 33. Calculate the remainder when t is divided by l.
9
Let u(o) = 2*o**3 - 3*o**2 + 2*o - 2. Calculate the remainder when u(4) is divided by 22.
20
Calculate the remainder when (-668)/4*5/(-5) is divided by 42.
41
Let p(d) = d - 2. Let a be p(4). Suppose -v = -a*v + 40. What is the remainder when v is divided by 21?
19
Suppose 2*f - 21 = -3*h, 5*h + 23 = 5*f - 42. Calculate the remainder when (9 + -3)*(-17)/(-3) is divided by f.
10
Let g = 13 + -25. Let d = -1 - g. Calculate the remainder when d is divided by 3.
2
Let k(v) = -2*v - 17. What is the remainder when 31 is divided by k(-17)?
14
Suppose 4*b = 16 + 44. Calculate the remainder when 29 is divided by b.
14
Let u be (-8)/28 - (-16)/7. Let q be (-2 + 3)/(u - 3). What is the remainder when 45 is divided by (-49)/(-3) - q/(-3)?
13
Let i(v) = 3*v**2 + 9*v + 4. Let c be -6*1 + 1/(-1). Let o be i(c). Suppose -q + 5*q = o. Calculate the remainder when 43 is divided by q.
21
Let w = -26 - -30. Calculate the remainder when 18 is divided by w.
2
Calculate the remainder when (-3)/(12/8) - (-1 - 63) is divided by 8.
6
Suppose -5*k + 0*f + 130 = 4*f, -2*f = 5*k - 120. Calculate the remainder when 87 is divided by k.
21
Suppose 0 = 5*v + r - 32, -v - 4*r + 2 = -2*v. Calculate the remainder when 16 is divided by v.
4
Calculate the remainder when 37 is divided by (-45)/(-15)*19/3.
18
Let u = 1 + 0. What is the remainder when 30 + (-2)/u*1 is divided by (-144)/(-14) - 6/21?
8
Let o be -5 + 0 - (1 - 1). Let x(q) = -q + 4. Calculate the remainder when 43 is divided by x(o).
7
Let h be (-23)/5 + (-4)/10. Let q = h + 14. Calculate the remainder when 25 is divided by q.
7
Suppose 2*y = -0*y - 4*q + 22, 0 = y - 5*q + 17. What is the remainder when 4/10 - (-424)/40 is divided by y?
2
Suppose 3*g - 8 = -4*d, 0 = g + 4*g - d - 44. Let r = g + -3. Suppose 4*x - 4*l - 5 = 23, l + r = 0. Calculate the remainder when x is divided by 2.
0
Suppose q - 91 = 78. Suppose 5*z = -54 + q. Let n = z - 16. What is the remainder when 12 is divided by n?
5
What is the remainder when 42 is divided by (-128)/(-12) + (-2)/(-6)?
9
Suppose -37*q + 31*q + 60 = 0. What is the remainder when 59 is divided by q?
9
Suppose 7 = -3*i - 8, 31 = 4*z - 3*i. Suppose 0 = -z*b + 9 - 1. Suppose 2*p + 74 = 4*a, -2*a + b*p + 17 + 21 = 0. What is the remainder when a is divided by 10?
8
Suppose -2 = -d - 1. Let x = -2 - -3. What is the remainder when (1 + x)*18 - d is divided by 18?
17
Let i = -15 - -23. Calculate the remainder when 37 is divided by i.
5
Let i(x) = 2*x - 2. Suppose -4*w + 60 = 4*t, w - 4*w + 3*t + 69 = 0. Calculate the remainder when w is divided by i(6).
9
Let s(i) = i**3 - 6*i**2 + 2*i + 5. Let x = -5 + 11. Calculate the remainder when 83 is divided by s(x).
15
Suppose 0 = p - 5 - 5. Let a = -7 - -11. What is the remainder when a*(38/8 - 0) is divided by p?
9
Suppose -4*h - 16 = 2*v, -3*v - 2*h + 3*h + 11 = 0. Let z(x) = -v*x + 3 + 1 + 2. What is the remainder when 46 is divided by z(-9)?
22
Let l be (3 + 0)/3 - -2. Suppose 5*a + 62 + 48 = q, 0 = -l*a - 15. Suppose 4*i = -2*d + 44, 5*d - 2*i - q = 61. Calculate the remainder when d is divided by 15.
13
Let n(o) = -2*o + 9. Let l = 2 - -2. Let d(g) = -g**3 + 4*g**2 + g + 5. Calculate the remainder when n(-8) is divided by d(l).
7
Suppose -y = 4*y - 50. Let k = y + 4. Calculate the remainder when (-48)/3*(-10)/4 is divided by k.
12
Suppose 4*n + c + c - 454 = 0, c = -5*n + 569. What is the remainder when n is divided by 39?
36
Let c = 98 - 62. Let y = c + -15. What is the remainder when 62 is divided by y?
20
Suppose 0 = -z + 4*z - 9, -3*z = 2*i - 39. Let c(t) = t**3 + 14*t**2 + 24*t + 8. What is the remainder when i is divided by c(-12)?
7
Suppose 2*j = 3*c + 41, j - 38 = -3*c + 5. Calculate the remainder when 55 is divided by j.
27
Suppose 0 = -5*j 